r of 3103?
True
Does 36 divide 1620?
True
Does 141 divide 29046?
True
Is 1930 a multiple of 5?
True
Is 657 a multiple of 9?
True
Is 7158 a multiple of 11?
False
Does 48 divide 2876?
False
Is 10277 a multiple of 239?
True
Does 35 divide 14685?
False
Is 960 a multiple of 40?
True
Is 296 a multiple of 6?
False
Is 5 a factor of 591?
False
Is 34 a factor of 12546?
True
Is 12 a factor of 74400?
True
Is 23 a factor of 4793?
False
Is 20 a multiple of 10?
True
Does 62 divide 3464?
False
Is 890 a multiple of 22?
False
Is 2301 a multiple of 39?
True
Does 3 divide 270?
True
Is 42039 a multiple of 173?
True
Is 2 a factor of 53?
False
Does 38 divide 11202?
False
Is 10 a factor of 167?
False
Is 56 a factor of 19720?
False
Is 25 a factor of 1392?
False
Is 1634 a multiple of 19?
True
Is 4 a factor of 89?
False
Is 13 a factor of 168?
False
Is 42315 a multiple of 105?
True
Is 190 a multiple of 10?
True
Is 3705 a multiple of 13?
True
Is 9 a factor of 504?
True
Is 7303 a multiple of 67?
True
Is 5542 a multiple of 34?
True
Is 51282 a multiple of 99?
True
Does 5 divide 101?
False
Is 93 a factor of 30318?
True
Is 8872 a multiple of 8?
True
Does 19 divide 4712?
True
Is 9 a factor of 67311?
True
Is 32 a factor of 58368?
True
Is 28 a multiple of 14?
True
Is 31 a factor of 1806?
False
Is 156 a multiple of 10?
False
Is 144 a factor of 18464?
False
Does 85 divide 4845?
True
Does 17 divide 1377?
True
Does 53 divide 10865?
True
Is 90 a multiple of 5?
True
Is 34 a factor of 3937?
False
Is 25 a factor of 2700?
True
Is 393 a multiple of 17?
False
Is 96 a multiple of 14?
False
Is 132396 a multiple of 33?
True
Does 2 divide 19?
False
Is 105 a factor of 49455?
True
Is 137 a factor of 2603?
True
Is 44731 a multiple of 22?
False
Is 76 a factor of 12304?
False
Is 475 even?
False
Is 81 a factor of 1701?
True
Is 60259 a multiple of 132?
False
Is 213 a multiple of 17?
False
Does 11 divide 3454?
True
Is 29 a factor of 8787?
True
Is 4350 a multiple of 15?
True
Does 13 divide 525?
False
Is 16 a factor of 31152?
True
Is 56574 a multiple of 63?
True
Is 87380 a multiple of 5?
True
Is 1645 a multiple of 35?
True
Does 5 divide 345?
True
Is 1081 a multiple of 4?
False
Is 611 a multiple of 13?
True
Is 18630 a multiple of 9?
True
Is 4 a factor of 75?
False
Does 10 divide 538?
False
Is 13072 a multiple of 16?
True
Is 32164 a multiple of 22?
True
Is 16 a factor of 7061?
False
Is 39 a factor of 2652?
True
Does 25 divide 12850?
True
Does 4 divide 473?
False
Is 12 a factor of 53040?
True
Is 203 a factor of 17767?
False
Is 32 a factor of 416?
True
Is 57 a factor of 31011?
False
Is 20 a factor of 20?
True
Does 30 divide 1500?
True
Does 82 divide 1088?
False
Is 44 a multiple of 22?
True
Does 4 divide 171?
False
Is 4 a factor of 22651?
False
Is 57 a factor of 785?
False
Does 34 divide 5292?
False
Does 5 divide 17904?
False
Is 3144 a multiple of 24?
True
Is 648 a multiple of 54?
True
Is 48 a factor of 657?
False
Does 224 divide 111936?
False
Is 285 a factor of 33630?
True
Is 38 a factor of 3116?
True
Is 8 a factor of 54?
False
Is 173 a multiple of 12?
False
Is 6459 a multiple of 40?
False
Is 6889 a multiple of 83?
True
Is 11109 a multiple of 21?
True
Is 8 a factor of 25350?
False
Is 1602 a multiple of 89?
True
Is 5 a factor of 165?
True
Is 819 a multiple of 39?
True
Does 9 divide 945?
True
Does 11 divide 198?
True
Is 1694 a multiple of 14?
True
Is 30 a factor of 4647?
False
Is 41 a factor of 38458?
True
Does 22 divide 513?
False
Does 13 divide 26085?
False
Does 14 divide 1804?
False
Is 55 a factor of 2200?
True
Is 285 a multiple of 11?
False
Is 37 a factor of 8991?
True
Is 8431 a multiple of 17?
False
Is 108 a factor of 11127?
False
Does 19 divide 6567?
False
Is 122 a factor of 10696?
False
Is 1279 a multiple of 21?
False
Is 6 a factor of 18?
True
Does 10 divide 6802?
False
Is 272 a multiple of 8?
True
Does 27 divide 4112?
False
Does 11 divide 77363?
True
Is 95 a factor of 4085?
True
Is 15 a factor of 1725?
True
Does 13 divide 41209?
False
Is 2859 a multiple of 15?
False
Is 18 a factor of 3375?
False
Does 12 divide 468?
True
Does 38 divide 262?
False
Is 351 a multiple of 27?
True
Is 2009 a multiple of 41?
True
Does 46 divide 26836?
False
Is 488 a multiple of 71?
False
Is 36 a factor of 85860?
True
Is 10605 a multiple of 105?
True
Does 12 divide 697?
False
Is 41952 a multiple of 76?
True
Is 792 a multiple of 36?
True
Is 4598 a multiple of 22?
True
Does 2 divide 7803?
False
Is 24 a factor of 243?
False
Is 9970 a multiple of 10?
True
Does 32 divide 2508?
False
Is 1316 a multiple of 47?
True
Is 6 a factor of 41?
False
Is 9 a factor of 648?
True
Does 16 divide 669?
False
Does 11 divide 10057?
False
Does 189 divide 21546?
True
Does 2 divide 2757?
False
Does 10 divide 958?
False
Does 5 divide 18255?
True
Is 768 a multiple of 12?
True
Is 3942 a multiple of 27?
True
Is 2898 a multiple of 46?
True
Is 25684 a multiple of 18?
False
Does 158 divide 4537?
False
Does 38 divide 5434?
True
Is 959 a multiple of 11?
False
Is 35 a factor of 1680?
True
Is 370 a multiple of 11?
False
Is 89 a factor of 3653?
False
Is 13 a factor of 31913?
False
Is 4230 a multiple of 141?
True
Is 881 a multiple of 47?
False
Is 2892 a multiple of 12?
True
Does 38 divide 104539?
False
Does 4 divide 48026?
False
Does 35 divide 447?
False
Does 19 divide 238?
False
Is 4233 a multiple of 17?
True
Is 11583 a multiple of 27?
True
Does 19 divide 1462?
False
Is 61 a factor of 155947?
False
Is 855 a multiple of 57?
True
Is 7364 a multiple of 48?
False
Does 60 divide 2640?
True
Is 38 a factor of 451?
False
Does 20 divide 1060?
True
Does 23 divide 809?
False
Does 16 divide 1520?
True
Does 6 divide 36?
True
Is 23 a factor of 3502?
False
Does 28 divide 979?
False
Is 28 a multiple of 2?
True
Is 52544 a multiple of 64?
True
Is 14 a factor of 4857?
False
Is 28 a factor of 1204?
True
Is 20 a factor of 80880?
True
Is 26 a factor of 618?
False
Is 14 a factor of 10542?
True
Is 17681 a multiple of 357?
False
Is 82 a factor of 1312?
True
Is 14 a factor of 953?
False
Does 86 divide 86?
True
Does 55 divide 13425?
False
Is 17880 a multiple of 3?
True
Does 23 divide 10196?
False
Is 534 a multiple of 10?
False
Does 283 divide 106222?
False
Is 1428 a multiple of 51?
True
Is 27843 a multiple of 12?
False
Is 11448 a multiple of 27?
True
Is 43 a factor of 13760?
True
Is 7242 a multiple of 51?
True
Is 39 a factor of 49803?
True
Does 8 divide 638?
False
Does 9 divide 108?
True
Does 9 divide 3893?
False
Is 31 a factor of 1012?
False
Is 42 a factor of 191?
False
Is 96 a multiple of 14?
False
Is 1937 a multiple of 13?
True
Is 2695 a multiple of 77?
True
Is 10 a factor of 63?
False
Does 94 divide 564?
True
Does 15 divide 975?
True
Does 18 divide 41?
False
Is 4392 a multiple of 61?
True
Is 294 a multiple of 22?
False
Is 18 a factor of 1062?
True
Is 499 a multiple of 101?
False
Is 3 a factor of 8821?
False
Does 48 divide 8125?
False
Does 44 divide 9020?
True
Does 16 divide 2800?
True
Is 820 a multiple of 41?
True
Is 43 a factor of 8155?
False
Is 169 a factor of 3887?
True
Is 2592 a multiple of 30?
False
Is 4838 a multiple of 80?
False
Does 6 divide 8172?
True
Is 1200 a multiple of 12?
True
Is 9 a factor of 9?
True
Does 30 divide 21766?
False
Does 81 divide 2106?
True
Does 30 divide 294?
False
Is 100 a factor of 22011?
False
Is 1186 a multiple of 7?
False
Is 2898 a multiple of 6?
True
Does 28 divide 14368?
False
Is 12 a factor of 51518?
False
Is 2201 a multiple of 15?
False
Is 32 a factor of 5383?
False
Is 20 a factor of 800?
True
Is 91224 a multiple of 84?
True
Does 94 divide 1692?
True
Does 98 divide 1101?
False
Is 2274 a multiple of 34?
False
Is 18415 a multiple of 198?
False
Is 496 a multiple of 44?
False
Does 13 divide 3666?
True
Is 3141 a multiple of 149?
False
Does 87 divide 435?
True
Is 737 a multiple of 28?
False
Does 2 divide 2990?
True
Is 38 a factor of 39602?
False
Is 13 a factor of 819?
True
Does 11 divide 16461?
False
Does 121 divide 7059?
False
Is 7 a factor of 20883?
False
Is 43 a factor of 1118?
True
Does 76 divide 20900?
True
Does 4 divide 1384?
True
Is 33 a factor of 394?
False
Does 8 divide 616?
True
Does 22 divide 256?
False
Is 154 a multiple of 5?
False
Is 9880 a multiple of 130?
True
Is 14742 a multiple of 17?
False
Is 7613 a multiple of 56?
False
Does 31 divid